{"id":13825,"date":"2024-03-17T16:05:29","date_gmt":"2024-03-17T14:05:29","guid":{"rendered":"http:\/\/www.aqua-sports-delligsen.de\/?page_id=13825"},"modified":"2026-03-01T17:39:30","modified_gmt":"2026-03-01T15:39:30","slug":"startseite","status":"publish","type":"page","link":"http:\/\/www.aqua-sports-delligsen.de\/","title":{"rendered":"Startseite"},"content":{"rendered":"\n<p><\/p>\n\n\n\n<h1 class=\"gb-headline gb-headline-5eb7c2fc gb-headline-text\" id=\"0-willkommen-beim-aqua-sports-delligsen-e-v\">Willkommen beim Aqua Sports Delligsen e. V.<\/h1>\n\n\n\n<h2 class=\"wp-block-heading has-text-align-center has-kenta-primary-color has-text-color has-link-color wp-elements-f520545401a8889fea003c19669285d3\" id=\"1-countdown-2025\">Countdown 2026<br><\/h2>\n\n\n<div class=\"gb-container gb-container-7f05a754\">\n\n<details class=\"wp-block-details is-layout-flow wp-block-details-is-layout-flow\" open><summary><\/summary>\n<div class=\"wp-block-columns is-layout-flex wp-container-core-columns-is-layout-9d6595d7 wp-block-columns-is-layout-flex\">\n<div class=\"wp-block-column is-layout-flow wp-block-column-is-layout-flow\" style=\"flex-basis:100%\"><div class=\"wp-block-ub-countdown ub-countdown  is-style-ub-countdown-odometer\" id=\"ub_countdown_16dab851-dd24-4137-afb1-ce8ed7ac42dd\">Timer expired<\/div><\/div>\n<\/div>\n<\/details>\n\n<\/div>\n\n\n<div class=\"wp-block-columns is-layout-flex wp-container-core-columns-is-layout-9d6595d7 wp-block-columns-is-layout-flex\">\n<div class=\"wp-block-column is-vertically-aligned-stretch is-layout-flow wp-block-column-is-layout-flow\"><div class=\"gb-container gb-container-213654b4\">\n\n<figure class=\"wp-block-image size-large\"><a href=\"http:\/\/www.aqua-sports-delligsen.de\/?page_id=236\"><img loading=\"lazy\" decoding=\"async\" width=\"1024\" height=\"1024\" src=\"http:\/\/www.aqua-sports-delligsen.de\/wp-content\/uploads\/2024\/09\/Kopie-von-AQUA-SPORTS-16-1024x1024.png\" alt=\"\" class=\"wp-image-14640\" srcset=\"http:\/\/www.aqua-sports-delligsen.de\/wp-content\/uploads\/2024\/09\/Kopie-von-AQUA-SPORTS-16-1024x1024.png 1024w, http:\/\/www.aqua-sports-delligsen.de\/wp-content\/uploads\/2024\/09\/Kopie-von-AQUA-SPORTS-16-300x300.png 300w, http:\/\/www.aqua-sports-delligsen.de\/wp-content\/uploads\/2024\/09\/Kopie-von-AQUA-SPORTS-16-150x150.png 150w, http:\/\/www.aqua-sports-delligsen.de\/wp-content\/uploads\/2024\/09\/Kopie-von-AQUA-SPORTS-16-768x768.png 768w, http:\/\/www.aqua-sports-delligsen.de\/wp-content\/uploads\/2024\/09\/Kopie-von-AQUA-SPORTS-16.png 1080w\" sizes=\"auto, (max-width: 1024px) 100vw, 1024px\" \/><\/a><\/figure>\n\n<\/div><\/div>\n\n\n\n<div class=\"wp-block-column has-kenta-primary-color has-text-color has-link-color wp-elements-e20ec0f23b4b8068b8e4652a299670eb is-layout-flow wp-block-column-is-layout-flow\"><div class=\"gb-container gb-container-691f9fe4\">\n\n<figure class=\"wp-block-image size-large\"><a href=\"http:\/\/www.aqua-sports-delligsen.de\/?page_id=606\"><img loading=\"lazy\" decoding=\"async\" width=\"1024\" height=\"1024\" src=\"http:\/\/www.aqua-sports-delligsen.de\/wp-content\/uploads\/2024\/09\/Kopie-von-AQUA-SPORTS-15-1024x1024.png\" alt=\"\" class=\"wp-image-14641\" srcset=\"http:\/\/www.aqua-sports-delligsen.de\/wp-content\/uploads\/2024\/09\/Kopie-von-AQUA-SPORTS-15-1024x1024.png 1024w, http:\/\/www.aqua-sports-delligsen.de\/wp-content\/uploads\/2024\/09\/Kopie-von-AQUA-SPORTS-15-300x300.png 300w, http:\/\/www.aqua-sports-delligsen.de\/wp-content\/uploads\/2024\/09\/Kopie-von-AQUA-SPORTS-15-150x150.png 150w, http:\/\/www.aqua-sports-delligsen.de\/wp-content\/uploads\/2024\/09\/Kopie-von-AQUA-SPORTS-15-768x768.png 768w, http:\/\/www.aqua-sports-delligsen.de\/wp-content\/uploads\/2024\/09\/Kopie-von-AQUA-SPORTS-15.png 1080w\" sizes=\"auto, (max-width: 1024px) 100vw, 1024px\" \/><\/a><\/figure>\n\n<\/div><\/div>\n\n\n\n<div class=\"wp-block-column is-layout-flow wp-block-column-is-layout-flow\"><div class=\"gb-container gb-container-ea79e493\">\n<div class=\"gb-container gb-container-f1aa17fa\">\n\n<figure class=\"wp-block-image size-large\"><a href=\"http:\/\/www.aqua-sports-delligsen.de\/?page_id=230\"><img loading=\"lazy\" decoding=\"async\" width=\"1024\" height=\"1024\" src=\"http:\/\/www.aqua-sports-delligsen.de\/wp-content\/uploads\/2024\/09\/6D6C72E7-E11F-4B00-895A-A026A19F9BB3-1024x1024.png\" alt=\"\" class=\"wp-image-14653\" srcset=\"http:\/\/www.aqua-sports-delligsen.de\/wp-content\/uploads\/2024\/09\/6D6C72E7-E11F-4B00-895A-A026A19F9BB3-1024x1024.png 1024w, http:\/\/www.aqua-sports-delligsen.de\/wp-content\/uploads\/2024\/09\/6D6C72E7-E11F-4B00-895A-A026A19F9BB3-300x300.png 300w, http:\/\/www.aqua-sports-delligsen.de\/wp-content\/uploads\/2024\/09\/6D6C72E7-E11F-4B00-895A-A026A19F9BB3-150x150.png 150w, http:\/\/www.aqua-sports-delligsen.de\/wp-content\/uploads\/2024\/09\/6D6C72E7-E11F-4B00-895A-A026A19F9BB3-768x768.png 768w, http:\/\/www.aqua-sports-delligsen.de\/wp-content\/uploads\/2024\/09\/6D6C72E7-E11F-4B00-895A-A026A19F9BB3.png 1080w\" sizes=\"auto, (max-width: 1024px) 100vw, 1024px\" \/><\/a><\/figure>\n\n<\/div>\n<\/div><\/div>\n<\/div>\n\n\n<div class=\"gb-container gb-container-49120432\">\n<div style=\"background-color: var(--kenta-primary-color); border-width: 2px; border-color: var(--kenta-base-color); \" class=\"ub_call_to_action wp-block-ub-call-to-action-block\" id=\"ub_call_to_action_aa992375-0be0-4ce8-ab66-3d07d959277e\">\n\t\t\t<div class=\"ub_call_to_action_headline\">\n\t\t\t\t<h2 class=\"ub_call_to_action_headline_text\" style=\"font-size: 30px; color: var(--kenta-base-color); text-align: center; \">Jetzt Mitglied werden!<\/h2>\n\t\t\t<\/div>\n\t\t\t<div class=\"ub_call_to_action_content\">\n\t\t\t\t<p class=\"ub_cta_content_text\" style=\"font-size: 15px; color: var(--kenta-base-color); text-align: center; \"><\/p>\n\t\t\t<\/div>\n\t\t\t<div class=\"ub_call_to_action_button\">\n\t\t\t\t<a href=\"http:\/\/www.aqua-sports-delligsen.de\/wp-content\/uploads\/2025\/03\/Eintrittserklaerung_2025_Neu.pdf\" target=\"_blank\" rel=\"noopener noreferrer\" class=\"ub_cta_button\" style=\"background-color: var(--kenta-base-color); width: 250px; \">\n\t\t\t\t\t<p class=\"ub_cta_button_text\" style=\"color: var(--kenta-primary-color); font-size: 14px; \">Hier klicken!<\/p>\n\t\t\t\t<\/a>\n\t\t\t<\/div>\n\t\t<\/div>\n<div class=\"gb-shapes\"><div class=\"gb-shape gb-shape-1\"><svg xmlns=\"http:\/\/www.w3.org\/2000\/svg\" viewBox=\"0 0 1200 96.2\" preserveAspectRatio=\"none\"><path d=\"M0 96.2h1200V72.9l-50-8.9c-50-8.6-150-26.9-250-22.2C800 46.2 700 72.9 600 64 500 55.4 400 10.4 300 1.8 200-7.1 100 19.5 50 32.9L0 46.2v50z\"\/><\/svg><\/div><\/div><\/div>\n\n<div class=\"gb-container gb-container-88fe0a9a\">\n\n<h1 class=\"gb-headline gb-headline-fd71adb5 gb-headline-text\" id=\"2-aktuelles\">Aktuelles<\/h1>\n\n\n\n<div class=\"wp-block-query is-layout-flow wp-block-query-is-layout-flow\">\n<div class=\"wp-block-group\"><div class=\"wp-block-group__inner-container is-layout-constrained wp-block-group-is-layout-constrained\">\n<div class=\"wp-block-columns is-layout-flex wp-container-core-columns-is-layout-9d6595d7 wp-block-columns-is-layout-flex\">\n<div class=\"wp-block-column is-layout-flow wp-block-column-is-layout-flow\" style=\"flex-basis:100%\"><div class=\"gb-container gb-container-3abeeeb4\">\n<div class=\"gb-container gb-container-4e8cd3a4\">\n<div class=\"gb-container gb-container-c13c3b9d\">\n<ul class=\"alignfull wp-block-post-template is-layout-grid wp-container-core-post-template-is-layout-8160a0d2 wp-block-post-template-is-layout-grid\"><li class=\"wp-block-post post-16024 post type-post status-publish format-standard hentry category-wettkampf\">\n<div class=\"gb-container gb-container-98499e2b\">\n<div class=\"gb-container gb-container-7f6f164e\">\n<h3 class=\"has-text-align-left wp-block-post-title\"><a href=\"http:\/\/www.aqua-sports-delligsen.de\/?p=16024\" target=\"_blank\" >Bestenwettk\u00e4mpfe 2026<\/a><\/h3>\n<\/div>\n<\/div>\n\n<div class=\"wp-block-post-date\"><time datetime=\"2026-04-13T20:24:04+02:00\">13. April 2026<\/time><\/div>\n\n<div class=\"wp-block-post-excerpt\"><p class=\"wp-block-post-excerpt__excerpt\">Hier findet ihre alle Informationen von den Bestenk\u00e4mpfe 2026 Fr\u00fchjahrsausgabe 2026 im Horner Bad in Bremen auf der 50m Bahn. Meldeschluss: 10.04.2026<\/p><p class=\"wp-block-post-excerpt__more-text\"><a class=\"wp-block-post-excerpt__more-link\" href=\"http:\/\/www.aqua-sports-delligsen.de\/?p=16024\">Hier Weiterlesen!<\/a><\/p><\/div>\n<\/li><li class=\"wp-block-post post-15917 post type-post status-publish format-standard hentry category-wettkampf\">\n<div class=\"gb-container gb-container-98499e2b\">\n<div class=\"gb-container gb-container-7f6f164e\">\n<h3 class=\"has-text-align-left wp-block-post-title\"><a href=\"http:\/\/www.aqua-sports-delligsen.de\/?p=15917\" target=\"_blank\" >NSV-Norddeutschemeisterschaften 2026<\/a><\/h3>\n<\/div>\n<\/div>\n\n<div class=\"wp-block-post-date\"><time datetime=\"2026-04-13T20:15:35+02:00\">13. April 2026<\/time><\/div>\n\n<div class=\"wp-block-post-excerpt\"><p class=\"wp-block-post-excerpt__excerpt\">Hier findet ihre alle Informationen von den Norddeutschen Meisterschaften 2026 im Sportbad Heidberg in Braunschweig auf der 50m Bahn. Meldeschluss: 28.04.2026<\/p><p class=\"wp-block-post-excerpt__more-text\"><a class=\"wp-block-post-excerpt__more-link\" href=\"http:\/\/www.aqua-sports-delligsen.de\/?p=15917\">Hier Weiterlesen!<\/a><\/p><\/div>\n<\/li><li class=\"wp-block-post post-15912 post type-post status-publish format-standard hentry category-wettkampf\">\n<div class=\"gb-container gb-container-98499e2b\">\n<div class=\"gb-container gb-container-7f6f164e\">\n<h3 class=\"has-text-align-left wp-block-post-title\"><a href=\"http:\/\/www.aqua-sports-delligsen.de\/?p=15912\" target=\"_blank\" >LSN-Landesmeisterschaften 2026<\/a><\/h3>\n<\/div>\n<\/div>\n\n<div class=\"wp-block-post-date\"><time datetime=\"2026-03-08T20:32:03+02:00\">8. M\u00e4rz 2026<\/time><\/div>\n\n<div class=\"wp-block-post-excerpt\"><p class=\"wp-block-post-excerpt__excerpt\">Hier findet ihre alle Informationen von dem Landesmeisterschaften 2026 im Stadionbad Hannover auf der 50m Bahn. Meldeschluss: 31.03.2026 Landesjuniorenmeisterin \u00fcber 200m R\u00fcckenJoline Noelle Sue Landesjahrgangsmeisterin \u00fcber 200m SchmetterlingFranziska Billeb Vize&hellip;<\/p><p class=\"wp-block-post-excerpt__more-text\"><a class=\"wp-block-post-excerpt__more-link\" href=\"http:\/\/www.aqua-sports-delligsen.de\/?p=15912\">Hier Weiterlesen!<\/a><\/p><\/div>\n<\/li><li class=\"wp-block-post post-16022 post type-post status-publish format-standard hentry category-wettkampf\">\n<div class=\"gb-container gb-container-98499e2b\">\n<div class=\"gb-container gb-container-7f6f164e\">\n<h3 class=\"has-text-align-left wp-block-post-title\"><a href=\"http:\/\/www.aqua-sports-delligsen.de\/?p=16022\" target=\"_blank\" >DSV &#8211; Deutsche Jahrgangsmeisterschaften 2026<\/a><\/h3>\n<\/div>\n<\/div>\n\n<div class=\"wp-block-post-date\"><time datetime=\"2026-04-13T20:21:56+02:00\">13. April 2026<\/time><\/div>\n\n<div class=\"wp-block-post-excerpt\"><p class=\"wp-block-post-excerpt__excerpt\">Hier findet ihre alle Informationen von den Deutschen Jahrgangsmeisterschaften 2026 im SSE Berlin auf der 50m Bahn. Meldeschluss: 28.05.2026<\/p><p class=\"wp-block-post-excerpt__more-text\"><a class=\"wp-block-post-excerpt__more-link\" href=\"http:\/\/www.aqua-sports-delligsen.de\/?p=16022\">Hier Weiterlesen!<\/a><\/p><\/div>\n<\/li><li class=\"wp-block-post post-16018 post type-post status-publish format-standard hentry category-wettkampf\">\n<div class=\"gb-container gb-container-98499e2b\">\n<div class=\"gb-container gb-container-7f6f164e\">\n<h3 class=\"has-text-align-left wp-block-post-title\"><a href=\"http:\/\/www.aqua-sports-delligsen.de\/?p=16018\" target=\"_blank\" >August B\u00f6tger Pokal 2026<\/a><\/h3>\n<\/div>\n<\/div>\n\n<div class=\"wp-block-post-date\"><time datetime=\"2026-04-13T20:19:42+02:00\">13. April 2026<\/time><\/div>\n\n<div class=\"wp-block-post-excerpt\"><p class=\"wp-block-post-excerpt__excerpt\">Hier findet ihre alle Informationen von den August B\u00f6tger Pokal 2026 im Wasserparadies Hildesheim auf der 25m Bahn. Meldeschluss: 27.05.2026<\/p><p class=\"wp-block-post-excerpt__more-text\"><a class=\"wp-block-post-excerpt__more-link\" href=\"http:\/\/www.aqua-sports-delligsen.de\/?p=16018\">Hier Weiterlesen!<\/a><\/p><\/div>\n<\/li><li class=\"wp-block-post post-16016 post type-post status-publish format-standard hentry category-wettkampf\">\n<div class=\"gb-container gb-container-98499e2b\">\n<div class=\"gb-container gb-container-7f6f164e\">\n<h3 class=\"has-text-align-left wp-block-post-title\"><a href=\"http:\/\/www.aqua-sports-delligsen.de\/?p=16016\" target=\"_blank\" >16. W98 Diapolo Meet 2026<\/a><\/h3>\n<\/div>\n<\/div>\n\n<div class=\"wp-block-post-date\"><time datetime=\"2026-04-13T20:17:46+02:00\">13. April 2026<\/time><\/div>\n\n<div class=\"wp-block-post-excerpt\"><p class=\"wp-block-post-excerpt__excerpt\">Hier findet ihre alle Informationen von den 16. W98 Hannover Diapolo Meet 2026 im Stadionbad Hannoverauf der 50m Bahn. Meldeschluss: 28.04.2026<\/p><p class=\"wp-block-post-excerpt__more-text\"><a class=\"wp-block-post-excerpt__more-link\" href=\"http:\/\/www.aqua-sports-delligsen.de\/?p=16016\">Hier Weiterlesen!<\/a><\/p><\/div>\n<\/li><\/ul>\n<\/div>\n<\/div>\n<\/div><\/div>\n<\/div>\n<\/div><\/div>\n\n\n<nav class=\"wp-block-query-pagination is-content-justification-center is-layout-flex wp-container-core-query-pagination-is-layout-16018d1d wp-block-query-pagination-is-layout-flex\" aria-label=\"Seitennummerierung\">\n\n\n<div class=\"wp-block-query-pagination-numbers\"><span aria-current=\"page\" class=\"page-numbers current\">1<\/span>\n<a class=\"page-numbers\" href=\"?query-31-page=2&#038;rest_route=%2Fwp%2Fv2%2Fpages%2F13825\">2<\/a>\n<span class=\"page-numbers dots\">&hellip;<\/span>\n<a class=\"page-numbers\" href=\"?query-31-page=25&#038;rest_route=%2Fwp%2Fv2%2Fpages%2F13825\">25<\/a><\/div>\n\n<a href=\"\/index.php?rest_route=%2Fwp%2Fv2%2Fpages%2F13825&#038;query-31-page=2\" class=\"wp-block-query-pagination-next\" aria-label=\"N\u00e4chste Seite\"><span class='wp-block-query-pagination-next-arrow is-arrow-arrow' aria-hidden='true'>\u2192<\/span><\/a>\n<\/nav>\n\n<\/div>\n\n<\/div>\n\n<div class=\"gb-container gb-container-9c4738f5\">\n\nngg_shortcode_0_placeholder\n\n<\/div>","protected":false},"excerpt":{"rendered":"<p>Willkommen beim Aqua Sports Delligsen e. V. Countdown 2026 Aktuelles<\/p>\n","protected":false},"author":2,"featured_media":0,"parent":0,"menu_order":0,"comment_status":"closed","ping_status":"closed","template":"","meta":{"site-container-style":"default","site-container-layout":"default","site-sidebar-layout":"default","site-transparent-header":"default","disable-article-header":"default","disable-site-header":"default","disable-site-footer":"default","disable-content-area-spacing":"default","ngg_post_thumbnail":0,"footnotes":""},"class_list":["post-13825","page","type-page","status-publish","hentry"],"featured_image_src":null,"_links":{"self":[{"href":"http:\/\/www.aqua-sports-delligsen.de\/index.php?rest_route=\/wp\/v2\/pages\/13825","targetHints":{"allow":["GET"]}}],"collection":[{"href":"http:\/\/www.aqua-sports-delligsen.de\/index.php?rest_route=\/wp\/v2\/pages"}],"about":[{"href":"http:\/\/www.aqua-sports-delligsen.de\/index.php?rest_route=\/wp\/v2\/types\/page"}],"author":[{"embeddable":true,"href":"http:\/\/www.aqua-sports-delligsen.de\/index.php?rest_route=\/wp\/v2\/users\/2"}],"replies":[{"embeddable":true,"href":"http:\/\/www.aqua-sports-delligsen.de\/index.php?rest_route=%2Fwp%2Fv2%2Fcomments&post=13825"}],"version-history":[{"count":199,"href":"http:\/\/www.aqua-sports-delligsen.de\/index.php?rest_route=\/wp\/v2\/pages\/13825\/revisions"}],"predecessor-version":[{"id":15851,"href":"http:\/\/www.aqua-sports-delligsen.de\/index.php?rest_route=\/wp\/v2\/pages\/13825\/revisions\/15851"}],"wp:attachment":[{"href":"http:\/\/www.aqua-sports-delligsen.de\/index.php?rest_route=%2Fwp%2Fv2%2Fmedia&parent=13825"}],"curies":[{"name":"wp","href":"https:\/\/api.w.org\/{rel}","templated":true}]}}