{"id":13967,"date":"2024-03-23T15:01:47","date_gmt":"2024-03-23T13:01:47","guid":{"rendered":"http:\/\/www.aqua-sports-delligsen.de\/?page_id=13967"},"modified":"2024-06-30T18:28:19","modified_gmt":"2024-06-30T16:28:19","slug":"nachwuchsgruppe","status":"publish","type":"page","link":"http:\/\/www.aqua-sports-delligsen.de\/?page_id=13967","title":{"rendered":"Nachwuchsgruppe"},"content":{"rendered":"\n<p><\/p>\n\n\n\n<h1 class=\"wp-block-heading\">Nachwuchsgruppe<\/h1>\n\n\n\n<p>Unsere Nachwuchsgruppe ist der perfekte Ort f\u00fcr junge Schwimmerinnen und Schwimmer, um ihre ersten Schritte im Schwimmsport zu machen und ihre F\u00e4higkeiten zu entwickeln. Nach Abschluss unseres Schwimmkurses im 7 Berge Bad Alfeld ist die Nachwuchsgruppe die n\u00e4chste Stufe, auf der die Kinder ihre Schwimmfertigkeiten weiterentwickeln k\u00f6nnen.<\/p>\n\n\n\n<p>Hier werden den Kindern die unterschiedlichen Schwimmtechniken in verschiedenen Schwimmlagen vermittelt. Unter der Anleitung erfahrener Trainerinnen und Trainer bieten wir ein abwechslungsreiches und motivierendes Training, das auf die Bed\u00fcrfnisse junger Schwimmerinnen und Schwimmer zugeschnitten ist.<\/p>\n\n\n\n<p>Unser Ziel ist es, den Kindern Selbstvertrauen im Wasser zu geben und ihre Begeisterung f\u00fcr den Schwimmsport zu f\u00f6rdern. Durch spielerische \u00dcbungen und altersgerechte Herausforderungen erleben sie den Spa\u00df am Schwimmen und entwickeln gleichzeitig wichtige motorische F\u00e4higkeiten.<\/p>\n\n\n\n<p>Die Nachwuchsgruppe ist der ideale Einstiegspunkt f\u00fcr alle, die ihre Liebe zum Schwimmen entdecken m\u00f6chten. Wir hei\u00dfen alle Kinder im Alter von 5 Jahren und \u00e4lter herzlich willkommen, unabh\u00e4ngig von ihren bisherigen Schwimmerfahrungen. Bei uns k\u00f6nnen sie in einer unterst\u00fctzenden und motivierenden Umgebung neue Freunde finden und gemeinsam ihre F\u00e4higkeiten verbessern.<\/p>\n\n\n\n<p>Wenn Sie Ihr Kind f\u00fcr die Nachwuchsgruppe des Aqua Sports Delligsen anmelden m\u00f6chten oder weitere Informationen w\u00fcnschen, z\u00f6gern Sie nicht, uns zu kontaktieren. Wir freuen uns darauf, Ihr Kind auf seinem Weg zu einer leidenschaftlichen Schwimmerin oder einem leidenschaftlichen Schwimmer zu begleiten!<\/p>\n\n\n\n<h2 class=\"wp-block-heading\">Trainingszeiten Nachwuchsgruppe<\/h2>\n\n\n\n<figure class=\"wp-block-table is-style-regular\"><table><thead><tr><th class=\"has-text-align-center\" data-align=\"center\">Tag<\/th><th class=\"has-text-align-center\" data-align=\"center\">Uhrzeit<\/th><th class=\"has-text-align-center\" data-align=\"center\">Trainer*In<\/th><\/tr><\/thead><tbody><tr><td class=\"has-text-align-center\" data-align=\"center\">Montag<\/td><td class=\"has-text-align-center\" data-align=\"center\">17:00 &#8211; 18:30 Uhr<\/td><td class=\"has-text-align-center\" data-align=\"center\">Heike<\/td><\/tr><tr><td class=\"has-text-align-center\" data-align=\"center\">Mittwoch<\/td><td class=\"has-text-align-center\" data-align=\"center\">17:00 &#8211; 18:30 Uhr<\/td><td class=\"has-text-align-center\" data-align=\"center\">Silke<\/td><\/tr><\/tbody><\/table><\/figure>\n\n\n\n<p><\/p>\n","protected":false},"excerpt":{"rendered":"<p>Nachwuchsgruppe Unsere Nachwuchsgruppe ist der perfekte Ort f\u00fcr junge Schwimmerinnen und Schwimmer, um ihre ersten Schritte im Schwimmsport zu machen und ihre F\u00e4higkeiten zu entwickeln. Nach Abschluss unseres Schwimmkurses im 7 Berge Bad Alfeld ist die Nachwuchsgruppe die n\u00e4chste Stufe, auf der die Kinder ihre Schwimmfertigkeiten weiterentwickeln k\u00f6nnen. Hier werden den Kindern die unterschiedlichen Schwimmtechniken [&hellip;]<\/p>\n","protected":false},"author":7,"featured_media":0,"parent":172,"menu_order":2,"comment_status":"closed","ping_status":"closed","template":"","meta":{"site-container-style":"default","site-container-layout":"default","site-sidebar-layout":"default","site-transparent-header":"default","disable-article-header":"default","disable-site-header":"default","disable-site-footer":"default","disable-content-area-spacing":"default","ngg_post_thumbnail":0,"footnotes":""},"class_list":["post-13967","page","type-page","status-publish","hentry"],"featured_image_src":null,"_links":{"self":[{"href":"http:\/\/www.aqua-sports-delligsen.de\/index.php?rest_route=\/wp\/v2\/pages\/13967","targetHints":{"allow":["GET"]}}],"collection":[{"href":"http:\/\/www.aqua-sports-delligsen.de\/index.php?rest_route=\/wp\/v2\/pages"}],"about":[{"href":"http:\/\/www.aqua-sports-delligsen.de\/index.php?rest_route=\/wp\/v2\/types\/page"}],"author":[{"embeddable":true,"href":"http:\/\/www.aqua-sports-delligsen.de\/index.php?rest_route=\/wp\/v2\/users\/7"}],"replies":[{"embeddable":true,"href":"http:\/\/www.aqua-sports-delligsen.de\/index.php?rest_route=%2Fwp%2Fv2%2Fcomments&post=13967"}],"version-history":[{"count":5,"href":"http:\/\/www.aqua-sports-delligsen.de\/index.php?rest_route=\/wp\/v2\/pages\/13967\/revisions"}],"predecessor-version":[{"id":14376,"href":"http:\/\/www.aqua-sports-delligsen.de\/index.php?rest_route=\/wp\/v2\/pages\/13967\/revisions\/14376"}],"up":[{"embeddable":true,"href":"http:\/\/www.aqua-sports-delligsen.de\/index.php?rest_route=\/wp\/v2\/pages\/172"}],"wp:attachment":[{"href":"http:\/\/www.aqua-sports-delligsen.de\/index.php?rest_route=%2Fwp%2Fv2%2Fmedia&parent=13967"}],"curies":[{"name":"wp","href":"https:\/\/api.w.org\/{rel}","templated":true}]}}